110
Suppose 17*h + 4*h - 1696 = -11*h. What is the remainder when 792 is divided by h?
50
Let r = 394 - 263. Suppose 2*i + 59 = r. Suppose -2*b + 22 = 4*x - 4, -5*x + 2*b + 46 = 0. What is the remainder when i is divided by x?
4
Suppose 2*g - 26 = 4. Suppose 4*p - 23 = -p + 2*a, 13 = 3*p - a. Suppose 24 - 3 = p*j. Calculate the remainder when g is divided by j.
1
Calculate the remainder when (-12141)/(-18) - 15/(-6) is divided by 113.
112
Let u(t) = t**3 + 9*t**2 - 39*t - 136. What is the remainder when 967 is divided by u(-11)?
49
Let x be ((-34)/40 + 2/(-5))*-4. Suppose -x*r = -3*m + m - 105, 2*r = -2*m + 28. Calculate the remainder when r is divided by (-96)/(-9) - (-2)/(-3).
9
Suppose 5*h - 9*h = 236. Let a = h + 110. Calculate the remainder when a is divided by 0*(-4)/(-12) - -13.
12
Let g(n) = n**3 - 12*n**2 - 15*n + 29. Let v be g(13). Suppose a - v*a = -34. What is the remainder when 79 is divided by a?
11
Let k = -124 - -127. Suppose 19 = 4*i + b, i - k*b - 21 = -13. What is the remainder when 112 is divided by i?
2
Suppose a + 0 = 5. Let r(s) = 13*s + 5. Let k(b) = -1102*b - 4399. Calculate the remainder when r(a) is divided by k(-4).
7
Suppose -4*k = 3*k - 35. Suppose k*p = x + 49 + 126, x + 31 = p. Let g = p + -34. Calculate the remainder when 11 is divided by g.
1
Calculate the remainder when 152 is divided by (-8 + 801/36)*(-80)/(-30).
0
Suppose -8*p = -4*h - 5*p + 1149, -4*h - 3*p + 1155 = 0. What is the remainder when h is divided by 44?
24
Suppose 90 = i + 3*c, -8 = -4*c - 28. Let s(h) = -2*h**3 - 3*h**2 + 7*h + 19. Calculate the remainder when i is divided by s(-3).
5
Suppose -2*y = -8*y - 6. What is the remainder when y/7 - (-10494)/154 is divided by 59?
9
Suppose 4*l + 4033 = 5*r, -3*r - 2*r - l + 4023 = 0. Suppose -22*i = 13*i - r. What is the remainder when 38 is divided by i?
15
What is the remainder when -8 - ((-8 - -5) + -2) - -75 is divided by 46?
26
Let n(a) = 24*a - 50. Let j be n(10). Suppose 0 = -j*b + 194*b - 124. What is the remainder when b is divided by 16?
15
Let s(g) = 76*g - 99. What is the remainder when s(8) is divided by 29?
16
Let p = -3555 - -4158. What is the remainder when p is divided by 295?
13
Let q = -12160 + 12326. Calculate the remainder when 474 is divided by q.
142
Let c = 1791 + -217. What is the remainder when c is divided by 32?
6
Let m(s) = 2*s**3 - 5*s**2 - 4*s - 4. Let d be m(6). Suppose -222*t + d*t = 36. What is the remainder when 95 is divided by t?
5
Suppose 0 = -8*s + 76 + 84. Suppose -s = 9*h - 7*h. Let z = 30 + h. What is the remainder when 53 is divided by z?
13
Suppose 436 = 10*p + 99*p. What is the remainder when 119 is divided by p?
3
What is the remainder when 608 is divided by ((-12)/18*(-174)/8)/(59/118)?
28
Let d(b) be the third derivative of 37*b**4/24 + 85*b**3/3 - 128*b**2. What is the remainder when d(-4) is divided by 17?
5
Suppose -4*w - 8 = 4*i, 2*w + 4*i + 17 = w. Let h(g) = g - 7*g**2 + g**3 - 12 + 2*g**2 - w*g. Calculate the remainder when 34 is divided by h(6).
10
Suppose 3*f - 16*t + 12*t = 37, 2*f - 22 = 2*t. Suppose s - 14 = -2*s - 5*a, 3*a - 6 = -s. What is the remainder when f is divided by s?
1
Let y(w) = -4*w + 180. Let k(g) = -4*g + 176. Let p(x) = 6*k(x) - 5*y(x). What is the remainder when 31 is divided by p(36)?
7
Let p(z) = 248*z + 7976. What is the remainder when 487 is divided by p(-32)?
7
Let x(k) = -k**3 - k**2 + 6*k - 8. Let z be x(-6). Let f = z - 116. Calculate the remainder when 53 is divided by f.
13
Suppose 6496 = 4*t + 2*t + 10*t. Calculate the remainder when t is divided by 70.
56
Suppose w - 75 = -0*w. Suppose -w = 5*h - 0. Calculate the remainder when (-264)/h + 12/40*-2 is divided by 4.
1
Let j = 15 + -13. Suppose j*y + 997 = 4*c - y, -726 = -3*c - 5*y. What is the remainder when c is divided by 25?
22
Suppose 4*w = 5*q + w - 13, -q + 4*w = -6. What is the remainder when (q/(-3) + 0)*(-2088)/87 is divided by 1 - (-6*2 + 0)?
3
Calculate the remainder when (-72)/(-10)*24360/1044 is divided by 39.
12
Suppose 2*r - 54 = -2*z, 2*z - 57 = -5*r - 0*r. What is the remainder when (1*z)/((69/6)/23) is divided by 5?
2
Let m(z) = 8*z**2 - 59*z - 36. Suppose 0 = k + 1 - 135. Calculate the remainder when k is divided by m(8).
2
Let j(a) = -a**3 - 7*a**2 + 30*a - 5. Let p be j(-10). Let s(x) = -31*x - 8. Let h be s(p). Let o = h + -100. What is the remainder when 90 is divided by o?
43
Let p(q) = 2*q**2 - 51*q - 188. What is the remainder when 1475 is divided by p(30)?
81
Suppose -37276 = 40*d - 287375 - 244821. Calculate the remainder when d is divided by 8.
5
Let m be (-27)/12*136*6/9. Let x = -193 - m. What is the remainder when 32 is divided by x?
10
Let t(a) = 2330*a + 3578. Calculate the remainder when t(10) is divided by 5.
3
Let t = 20 + 9. Let u(p) = 7*p - 9. Let n(z) = -23*z + 28. Let o(d) = 2*n(d) + 7*u(d). Calculate the remainder when o(31) is divided by t.
28
Calculate the remainder when (-38)/((-342)/7749) + 11 is divided by 283.
23
Suppose 17*r - 1035 = -5*c + 12*r, -r = 0. Calculate the remainder when c is divided by 16.
15
Suppose a - 157 = 5*g, a - 85 + 8 = -5*g. Suppose 6*l = l. Suppose l = -5*q - 10, f - 5*q - 100 = -2*f. Calculate the remainder when a is divided by f.
27
Suppose -3*o + 20 = 2*o. Suppose o - 11 = -7*t. Calculate the remainder when (t/(-3))/((-10)/1590) is divided by 9.
8
Suppose 2*o = 529 + 7. Suppose -4*r = -236 - o. Calculate the remainder when r is divided by 26.
22
Suppose -5*p = p - 108. Let z = p + -49. Let q = z + 53. Calculate the remainder when q is divided by 8.
6
Suppose -246*y + 131*y - 2952 = -139*y. Calculate the remainder when y is divided by 25.
23
Let o(r) = -4303*r + 866. Calculate the remainder when o(-4) is divided by 20.
18
Let m = 11 - -163. Let f = m - 55. Calculate the remainder when f is divided by 24.
23
Let k(j) = -111*j**2 - 113*j**2 + 28*j + 226*j**2 + 69. Calculate the remainder when k(-16) is divided by 17.
14
Let x = 44 + -10. Let c = x - 15. Let u = c + 13. What is the remainder when u is divided by 17?
15
Let z be (-71)/(-2) - 2/(-4). Let g be 330/120 + (-7)/4. Suppose g = h, 2*h = -r + 2*r - z. What is the remainder when r is divided by 14?
10
Let u be ((-10)/(-20))/(3/(2 + 16)). Calculate the remainder when (-2211)/(-22)*(u - 1) is divided by 34.
31
Let a(z) = -5*z - 10. Suppose -5*r + 9 = 5*p - p, 3 = 2*p + 3*r. Suppose p*i = 4*i + 24. What is the remainder when a(-6) is divided by i?
8
Let m = -72 - -71. Let q(n) = -258*n + 12. Calculate the remainder when q(m) is divided by 55.
50
Let w be (-781)/(-7) + (-88)/154. Let a = -88 + w. Suppose -309 - 147 = -4*u. What is the remainder when u is divided by a?
22
Let u(g) = g**3 + 8*g**2 - 7*g + 23. Let k be u(-9). Suppose k*o = -2*a + 50, 0 = -14*a + 12*a - o + 50. Calculate the remainder when 25 is divided by a.
0
Let q(i) = 4*i**2 - 3*i + 1. What is the remainder when q(-4) is divided by (-2)/(-13) + (10/(-6) - (-66379)/1599)?
37
Let g be 15/5*(1 + 0). Let o(s) be the second derivative of s**4/12 - s**3/3 + 3*s**2/2 + 2*s. Calculate the remainder when 17 is divided by o(g).
5
Let q(v) = v**3 - v**2 - 12*v + 39. Let z = -13 + 38. What is the remainder when z is divided by q(-4)?
4
Let n be (-3)/(-6)*-2*-3 - -1. Let r be n + (-1 - -6)*-17. Let d = 93 + r. What is the remainder when 57 is divided by d?
9
Let q = 359 + -198. Suppose -4*a + q = -19. Suppose -a = -z - 4*z. Calculate the remainder when 44 is divided by z.
8
Suppose -5*p = -4*i + 131, -5*i + 49 = 2*p - 4*p. Let a be (-3774)/p + (-2)/(-9). Suppose a = -7*c + 1106. What is the remainder when c is divided by 14?
12
Let o(h) = -h**3 - 28*h**2 + 128*h + 7. What is the remainder when (-6)/27 - (-896)/63 is divided by o(-32)?
0
Suppose -4*d + 12 = -264. Suppose -8*x + 29 + 3 = 0. Let s(t) = t**2 + 8*t - 36. Calculate the remainder when d is divided by s(x).
9
Let i(m) = m**3 + 10*m**2 + 3*m - 8. Let v(l) = 4*l**2 + 131*l + 710. What is the remainder when v(-6) is divided by i(-9)?
22
Let a(p) = -19*p - 156. Let o be a(-9). Suppose 381*k = 378*k + o. Calculate the remainder when 8 is divided by k.
3
Let k(g) be the first derivative of -13 + g**2 + 2*g - 2/3*g**3 + 3/4*g**4. Calculate the remainder when k(2) is divided by 10.
2
Suppose 0 = -5*g - 10, -6*y + 108 = -3*y + 3*g.